i) = -i**2 + 2*i + 2. Let s(f) = f**3 - 6*f**2 + 3*f + 6. Let n be s(5). Let t be x(n). Let q = t + 37. What is the tens digit of q?
1
Let p(h) = -17*h**3 - 2*h**2 - h. Let b be p(-1). Let s = b + -10. Suppose -4*a + s = -a. What is the units digit of a?
2
Let q = 2 - 0. Suppose 4*s = -12, 3*z - 2*z + q*s = 0. Let x(h) = h**3 - 7*h**2 + 6*h + 4. What is the units digit of x(z)?
4
Let x(u) = -5*u + 2 - u + 7*u + 8*u**2 + u**3 + 6*u. Let i be x(-7). Let p(c) = -c**2 + 4*c - 2. What is the units digit of p(i)?
2
What is the units digit of (184/(-12) - 2)/((-1)/3)?
2
Suppose -3 - 1 = a. Let m(v) = -v**3 - 4*v**2 + 2. What is the units digit of m(a)?
2
Let k = 46 + -33. What is the units digit of k?
3
Let h(k) = k**2 - 10*k + 9. Let m be h(10). Let x(t) = t**2 - 7*t - 11. What is the units digit of x(m)?
7
Let i = -10 - -16. Let v = 4 + i. What is the tens digit of v?
1
Let z = 37 + -7. What is the tens digit of z?
3
Let p = -18 - -56. What is the tens digit of p?
3
Suppose -d - 3*d + 12 = 0. Let u = d + -3. Suppose -5*a - i + 19 = -2*i, u = 4*a - 3*i - 24. What is the units digit of a?
3
Let f(u) = -2*u**2 + 23*u - 18. Let a be f(11). Let z(p) = 0*p**2 - 3*p + 9*p - 6 + p**2. What is the units digit of z(a)?
1
Let n(y) be the first derivative of -y**3/3 + y**2 + 16*y - 7. What is the tens digit of n(0)?
1
Let b be (2/(-5))/(2/(-10)). Suppose b*j = -2*n + 3 + 1, -j = -n + 8. What is the units digit of n?
5
Let s be (-16)/(-2) - (0 - -2). Let a(o) = s*o**2 - o - o - 6*o + 0*o**3 + o**3 - 5. What is the units digit of a(-7)?
2
Suppose -2*p + 2*g + 626 = p, 5*p - 1040 = 5*g. What is the tens digit of p?
1
Suppose -4*g - 8 = 4, -5*k + 3*g = -79. Suppose -14 = -d + k. What is the tens digit of d?
2
Suppose -5*v + 140 + 0 = 0. What is the units digit of v?
8
Suppose -4*d = 8 - 32. What is the units digit of (-4)/d*(-18)/12?
1
Suppose -62 = -3*r + 4. What is the units digit of r?
2
Let g be (-1)/3 + (-488)/(-24). Let s = g - 28. What is the units digit of (-8)/6*12/s?
2
Suppose 5*a - 4*k + 16 = -0*a, 3*a + 12 = 3*k. Suppose 0 = -3*y - h + 29, 0*h + 4*h - 8 = a. What is the units digit of y?
9
Let l(f) = -f**3 + 6*f**2 - 5*f + 2. Let c be l(5). Let u(g) = g**3 + 2*g**2 + 5*g - 3. Let h be u(3). What is the units digit of h/9 - c/(-3)?
7
What is the units digit of ((-8)/(-10))/((-7)/(-105))?
2
Suppose -r = 4, -5*a + 0*r = -2*r - 98. Suppose 0 = 3*u - 0*u - a. Suppose 3*t + 12 = u*t. What is the units digit of t?
4
Suppose -5*x + 14 + 16 = 0. Let y = 4 - x. What is the units digit of (y/3)/((-14)/273)?
3
Suppose 114 = 2*l - 18. Suppose -l = 13*d - 15*d. What is the units digit of d?
3
Let g be -6 - -4 - (1 + -5). Suppose 0*x = 2*i + 3*x - 12, g*i - 4 = x. Suppose i*d - 10 = 8. What is the units digit of d?
6
Suppose 0 = -17*c + 16*c + 193. What is the tens digit of c?
9
Let t = 48 - -121. What is the tens digit of t?
6
Suppose -156 = 4*d - 8*d. Let f = -27 + d. What is the units digit of f?
2
Let k(j) = 3*j**2 + 3*j - 1. Let w be k(2). Let t = -8 + w. What is the units digit of t?
9
Suppose w + 2*w - 6 = 0. Let j = 14 - w. What is the tens digit of j?
1
What is the tens digit of 2/(-11) - (2 - 640/11)?
5
Let a = 2 + -2. Let g be a + 6 + (-6)/3. Suppose 0*b = g*b - 24. What is the units digit of b?
6
Let j = 9 + -7. Let g = 9 + j. What is the tens digit of g?
1
Let s(m) = 2*m**2 + 11*m - 6. Let q be s(-10). Suppose 0 = 4*y - 0*y + q. Let n = y - -38. What is the units digit of n?
7
Let u = -6 + 11. Suppose i = u - 2. Suppose -3*y = -i*d - 9, 2*y - 2*d = -3*y + 18. What is the units digit of y?
4
Suppose 4*b - 35 = 13. What is the units digit of b/42 + 24/14?
2
Let n = 55 + -28. What is the tens digit of n?
2
Let m = 6 - 9. What is the units digit of 0 + (-3)/m - -8?
9
What is the units digit of (-1)/((-2)/(-1432)*-4)?
9
Suppose 2*c + 5 - 13 = 0. What is the units digit of 31/c - (-1)/4?
8
Suppose 0 = -3*u - 56 - 7. Let h = 45 + u. What is the tens digit of h?
2
Let v = 72 + -63. What is the units digit of v?
9
Let h(l) be the first derivative of -1/3*l**3 + 2*l**2 - 1 + 2*l. What is the units digit of h(3)?
5
Suppose 3*x = 10 - 1. Suppose 0*c - 4*t + 20 = x*c, 0 = 4*c - 3*t - 10. Let l = c - -4. What is the units digit of l?
8
Let z(h) = h**3 + 4*h**2 + 4*h - 1. Let i be z(-4). Let n be i/(-4) - (-2)/(-8). Suppose 0 = -n*f - f + 35. What is the units digit of f?
7
Let u = 3 + -2. Let j be (0/(-1) + 2)*u. What is the units digit of 1/(j + -3) - -2?
1
What is the units digit of (-2)/9 - 464/(-144)?
3
What is the tens digit of 810/4 + 54/(-36)?
0
Suppose 8 + 27 = 3*f - 5*j, 0 = -5*f - 5*j + 5. What is the units digit of f?
5
Suppose -3*w + 140 + 172 = 0. What is the tens digit of w?
0
Let v = 184 - 168. What is the units digit of v?
6
Suppose g - 30 = -4*g. Let y = 2 + -2. Suppose y*t - g = -t. What is the units digit of t?
6
Suppose 2*v + 8 = -8. Let d = v + 15. What is the units digit of d?
7
Suppose -u + 4 = q, -5*q + 4*q + 1 = -2*u. Suppose 0 = -5*a + q*z + 70, a - z - 14 = z. What is the tens digit of a?
1
Let j(k) = -3*k - 3. Let m(w) = -12*w - 12. Let i(g) = 9*j(g) - 2*m(g). Let h(p) = -p**2 + 12*p - 14. Let c be h(11). What is the units digit of i(c)?
6
Suppose 42 = 2*s - 4*k, 0*s - k = 2*s - 32. What is the tens digit of s?
1
Suppose -5*g + 385 = 65. What is the units digit of g/10 - 2/5?
6
Let v(s) = -s**3 - s**2 - 1. Let d(a) = 14*a**3 + a**2 + a + 1. Let m(n) = d(n) + 2*v(n). What is the units digit of m(1)?
1
Suppose o - 14 = -5*s + 3*o, -5*s + 6 = 2*o. Suppose -5*b = -s*b. Let l(w) = w**2 + 6. What is the units digit of l(b)?
6
Let j(u) = u + 19. Let t(g) = 3*g + 56. Let m(b) = 17*j(b) - 6*t(b). Let o be m(-10). Let y = 7 - o. What is the units digit of y?
0
Suppose 2*k - k = 3*l - 21, 6 = -2*k. Let r = l - 4. What is the units digit of r?
2
Let j = -42 - -79. What is the tens digit of j?
3
Suppose -3*y - 2 = -14. What is the units digit of (-1)/y - (-30)/24?
1
Suppose 0*i - 131 = -i. What is the hundreds digit of i?
1
What is the units digit of (-7)/((-105)/9) + 577/5?
6
Suppose 2*r + 5*u + 6 = -6, 4*r + 3*u = -10. What is the units digit of (-2 - -1)/r*27?
7
Let g(d) = 6*d**3 - 2*d**2 + d. Let c be g(1). Let r be 3 - (0 + 4/4). Suppose r*n + c = 3*n. What is the units digit of n?
5
Let y(b) = -b**3 + 6*b**2 + b - 3. Let t(f) = -f + 9. Let n be t(8). Let x be 3/6*14 - n. What is the units digit of y(x)?
3
Suppose 5*z + 1 = -4*t + 7*t, 2*z + 3*t - 8 = 0. Suppose -y + 5 = z. Suppose 2*v + 5*c = -2*v + 7, -3*v - 5*c = -y. What is the units digit of v?
3
Let g = 44 + -89. Let j = g - -74. Let k = j - 21. What is the units digit of k?
8
Let k(l) = -2*l - 12. What is the units digit of k(-7)?
2
Let k(u) = u + 17. Let p = -40 - -28. What is the units digit of k(p)?
5
Suppose -8*x + 6*x = -4. What is the units digit of (53 - 1)/x - 1?
5
Let o be (-6)/24 + 27/(-4). Let v = o - -20. What is the tens digit of v?
1
Suppose 2*i + 0*i + 35 = 5*z, z = -2*i + 7. What is the units digit of z?
7
Let v(o) = o**3 + 3*o**2 - 4*o + 4. Let s = 8 + -12. Let l be v(s). Suppose 3*b + n - 24 = 0, -3*b + 32 = b - l*n. What is the units digit of b?
8
Let d be (6/9)/(2/(-12)). Let x = -1 - d. Suppose x*c + 8 = 56. What is the units digit of c?
6
Suppose 0 = -7*t + 3*t + 8. Let p be 2*-3*(-6)/9. Suppose -t*i - 5*z + 2 = 0, 4*z = -3*i + p - 1. What is the units digit of i?
1
Let v = -18 - -21. What is the units digit of v?
3
Suppose -101 + 345 = 4*a. What is the tens digit of a?
6
Suppose -g + 71 = -2*j - 3*j, 4*j + 220 = 4*g. What is the tens digit of g?
5
Suppose -10 = 2*h, h + 0*h - 33 = -n. What is the units digit of n?
8
What is the tens digit of ((-6363)/12)/7*-4?
0
What is the units digit of (-35 - 1)/((-6)/4)?
4
What is the tens digit of (28/(-3))/(6/(-27))?
4
Suppose 5*q + 45 = -4*x - 1, -3*x - 12 = 0. Let t = 0 - -9. Let g = t + q. What is the units digit of g?
3
Let c be 1 + -1 - (1 + 13). Let x = -2 + c. Let n = 3 - x. What is the tens digit of n?
1
Suppose -3*i - f = -134, 3*i + i = f + 181. What is the tens digit of i?
4
Suppose -204 = -3*b + 258. What is the tens digit of b?
5
Suppose 8 = -2*w + w. Let l = 6 + w. What is the units digit of (-1 + 5)*(l + 4)?
8
Let t(o) = o**3 - o**2 + 2*o - 1. Let k be t(3). Let a = 49 - k. What is the units digit of a?
6
Supp